e factors of 584621773.
19, 30769567
What are the prime factors of 125961395?
5, 7, 587, 6131
What are the prime factors of 473035137?
3, 157678379
List the prime factors of 1230942394.
2, 11, 55951927
List the prime factors of 167435107.
7, 488149
List the prime factors of 7548387.
3, 7, 11, 41, 797
List the prime factors of 3299752820.
2, 5, 7, 13, 29, 101, 619
What are the prime factors of 23566664?
2, 11, 267803
What are the prime factors of 41674642?
2, 53, 393157
What are the prime factors of 31169662?
2, 491, 31741
List the prime factors of 59676490.
2, 5, 23, 29, 389
List the prime factors of 47879839.
7, 977, 7001
What are the prime factors of 1334691624?
2, 3, 7, 17, 467329
List the prime factors of 201195121.
201195121
What are the prime factors of 1223461247?
9151, 133697
What are the prime factors of 4036785484?
2, 15031, 67141
List the prime factors of 64244116.
2, 89, 113, 1597
What are the prime factors of 33041290?
2, 5, 3304129
List the prime factors of 879015106.
2, 31, 3343, 4241
What are the prime factors of 40617615?
3, 5, 2707841
List the prime factors of 3162477425.
5, 126499097
What are the prime factors of 148782696?
2, 3, 101, 61379
What are the prime factors of 1020021449?
2927, 348487
List the prime factors of 165627958.
2, 347, 238657
List the prime factors of 5164863.
3, 11, 156511
What are the prime factors of 710978050?
2, 5, 139, 102299
What are the prime factors of 61477365?
3, 5, 4098491
What are the prime factors of 43238414?
2, 19, 59887
What are the prime factors of 750910164?
2, 3, 23, 47, 107, 541
List the prime factors of 1993721322.
2, 3, 71, 4680097
List the prime factors of 642617472.
2, 3, 7, 239069
What are the prime factors of 82382015?
5, 16476403
List the prime factors of 64925099.
41, 1583539
What are the prime factors of 198005190?
2, 3, 5, 131, 50383
List the prime factors of 209461454.
2, 17, 1171, 5261
List the prime factors of 41428690.
2, 5, 269, 15401
What are the prime factors of 2136219968?
2, 33378437
List the prime factors of 4435009945.
5, 1777, 499157
List the prime factors of 17878469.
7, 2554067
List the prime factors of 381091423.
381091423
What are the prime factors of 22458260?
2, 5, 11, 31, 37, 89
What are the prime factors of 223039693?
541, 412273
List the prime factors of 1294146416.
2, 1453, 55667
List the prime factors of 327646684.
2, 23, 3561377
What are the prime factors of 473939346?
2, 3, 31, 2548061
List the prime factors of 1610328261.
3, 19, 28251373
List the prime factors of 469623189.
3, 7, 22363009
What are the prime factors of 546087862?
2, 6997, 39023
List the prime factors of 283442503.
251, 1129253
List the prime factors of 1095928243.
8293, 132151
List the prime factors of 40677891.
3, 877, 15461
What are the prime factors of 4880093056?
2, 38125727
What are the prime factors of 90647994?
2, 3, 2083, 7253
What are the prime factors of 3462388783?
7, 359, 1377791
List the prime factors of 15331235.
5, 3066247
What are the prime factors of 295228880?
2, 5, 3690361
List the prime factors of 104267061.
3, 3861743
List the prime factors of 3367997.
19, 103, 1721
What are the prime factors of 41471012?
2, 11, 109, 8647
List the prime factors of 83315125.
5, 89, 7489
List the prime factors of 765826742.
2, 47, 8147093
List the prime factors of 3253962208.
2, 7, 2075231
What are the prime factors of 1938242201?
7, 2017, 137279
What are the prime factors of 4158773?
157, 26489
List the prime factors of 283745701.
599, 641, 739
List the prime factors of 398568534.
2, 3, 7, 13, 729979
List the prime factors of 33666849.
3, 383, 9767
What are the prime factors of 58626767?
58626767
What are the prime factors of 190475130?
2, 3, 5, 89, 71339
List the prime factors of 2353235209.
13, 937, 193189
What are the prime factors of 7200157?
7200157
What are the prime factors of 7258941686?
2, 29, 103, 113, 10753
List the prime factors of 58821857.
389, 151213
What are the prime factors of 417860628?
2, 3, 2417, 14407
What are the prime factors of 2671011290?
2, 5, 269, 992941
List the prime factors of 378954242.
2, 17, 73, 152681
List the prime factors of 17024280.
2, 3, 5, 7, 13, 1559
What are the prime factors of 45795170?
2, 5, 67, 68351
What are the prime factors of 3591379352?
2, 11, 40811129
What are the prime factors of 253139820?
2, 3, 5, 4218997
List the prime factors of 1891737.
3, 210193
List the prime factors of 8898481241.
13, 17, 37, 1088233
What are the prime factors of 92312243?
92312243
List the prime factors of 17312361.
3, 11, 109, 4813
What are the prime factors of 2085928529?
2085928529
What are the prime factors of 1044589738?
2, 163, 3204263
What are the prime factors of 307884509?
23, 13386283
List the prime factors of 661160525.
5, 26446421
List the prime factors of 65750796.
2, 3, 1826411
What are the prime factors of 381664585?
5, 76332917
What are the prime factors of 4216163930?
2, 5, 11, 3484433
What are the prime factors of 4756946?
2, 2378473
List the prime factors of 610532710.
2, 5, 1447, 42193
List the prime factors of 43495126.
2, 21747563
What are the prime factors of 11341459?
151, 75109
List the prime factors of 616961108.
2, 23, 6706099
What are the prime factors of 448857800?
2, 5, 17, 97, 1361
List the prime factors of 122003299.
11, 1481, 7489
List the prime factors of 134576797.
31, 61, 71167
What are the prime factors of 757567321?
7, 108223903
List the prime factors of 61459422.
2, 3, 31, 330427
What are the prime factors of 26382075?
3, 5, 53, 6637
List the prime factors of 175080604.
2, 71, 616481
List the prime factors of 7394396.
2, 1848599
List the prime factors of 139830734.
2, 47, 293, 5077
What are the prime factors of 1188219343?
821, 1447283
List the prime factors of 51310901.
51310901
What are the prime factors of 346009715?
5, 69201943
What are the prime factors of 2137326101?
2137326101
List the prime factors of 126667142.
2, 7, 643, 14071
List the prime factors of 20498753.
11, 17, 109619
List the prime factors of 876748387.
29, 41, 47, 541
What are the prime factors of 160448675?
5, 6417947
What are the prime factors of 35357820?
2, 3, 5, 589297
List the prime factors of 14525981.
14525981
What are the prime factors of 2494263470?
2, 5, 249426347
What are the prime factors of 171978511?
17, 2677, 3779
List the prime factors of 8917108.
2, 2229277
What are the prime factors of 4171808?
2, 130369
List the prime factors of 8305248970.
2, 5, 830524897
What are the prime factors of 18031678?
2, 7, 23, 29, 1931
List the prime factors of 1020866088.
2, 3, 11, 3866917
List the prime factors of 197178606.
2, 3, 439, 24953
List the prime factors of 3813610925.
5, 29, 613, 8581
What are the prime factors of 1944773289?
3, 67, 3225163
List the prime factors of 705773960.
2, 5, 617, 28597
List the prime factors of 1356251348.
2, 12211, 27767
List the prime factors of 120590881.
37, 41, 79493
What are the prime factors of 610974927?
3, 137, 165173
What are the prime factors of 532452850?
2, 5, 281, 37897
What are the prime factors of 330420560?
2, 5, 163, 25339
What are the prime factors of 501282382?
2, 419, 598189
What are the prime factors of 1707470815?
5, 19, 17973377
List the prime factors of 1057808985.
3, 5, 23, 277, 11069
What are the prime factors of 105190453?
29, 3627257
What are the prime factors of 1691214217?
7, 11, 1996711
List the prime factors of 24033161.
24033161
What are the prime factors of 267338227?
13, 19, 83257
What are the prime factors of 3175327430?
2, 5, 11, 1103, 26171
What are the prime factors of 1224104639?
397, 3083387
List the prime factors of 217672216.
2, 17, 1600531
What are the prime factors of 21384642?
2, 3, 1277, 2791
What are the prime factors of 331514804?
2, 311, 266491
What are the prime factors of 53933170?
2, 5, 5393317
List the prime factors of 30044573.
13, 43, 71, 757
What are the prime factors of 154278071?
53, 2910907
List the prime factors of 18429551.
7, 2632793
List the prime factors of 978361320.
2, 3, 5, 8153011
List the prime factors of 157547965.
5, 31509593
List the prime factors of 36497101.
2203, 16567
List the prime factors of 2550775933.
491, 5195063
What are the prime factors of 27147603?
3, 7, 37, 34939
List the prime factors of 1066510554.
2, 3, 29, 1103, 